{"id":2,"date":"2021-04-09T07:33:33","date_gmt":"2021-04-09T05:33:33","guid":{"rendered":"https:\/\/www.hausdorothea.at\/WP\/?page_id=2"},"modified":"2025-11-03T16:44:34","modified_gmt":"2025-11-03T15:44:34","slug":"sample-page","status":"publish","type":"page","link":"https:\/\/www.hausdorothea.at\/","title":{"rendered":"Willkommen"},"content":{"rendered":"\r\n<p>Unser Haus liegt direkt am Waldrand, ruhige, sonnige Lage, gro\u00dfer Garten, wundersch\u00f6ner Blick zum Wilden Kaiser.<\/p>\r\n<p>Zu Fu\u00df erreichen Sie das Dorfzentrum in 15 Minuten, mit dem Auto sind Sie in 5 Minuten an der Liftstation zur Fahrt auf die Hohe Salve &#8211; Einstieg Skiwelt Wilder Kaiser.<\/p>\r\n<p><em><strong>Ski-Bus &#8211; Haltestelle<\/strong> direkt vor unserem Haus.<\/em><br \/><br \/><b>Umgebung der Ferienwohnungen<br \/><\/b>Die Skiwelt Wilder Kaiser bietet 250 Pistenkilometer sowie alle M\u00f6glichkeiten zur Sportaus\u00fcbung. Auch im Sommer sind von Wandern, Radfahren, Bergsteigen, Golfen, Schwimmen etc. alle M\u00f6glichkeiten f\u00fcr einen Aktivurlaub vorhanden.<br \/>In unserer wundersch\u00f6nen alpinen Landschaft werden Sie sich bestens erholen.<br \/>F\u00fcr Kinder ist im Sommer das Hexenwasser in Hochs\u00f6ll oder Ellmi\u00b4s Zauberwelt am Hartkaiser ein besonderes Erlebnis.\u00a0<\/p>\r\n<p><br \/><b>Freizeitm\u00f6glichkeiten<br \/><\/b>Die Region Wilder Kaiser-Brixental bietet alle Sportm\u00f6glichkeiten in einer wundersch\u00f6nen Landschaft an.<br \/>Angeln, Bergsteigen, Bergwandern, Drachenfliegen, Erlebnisbad, Fahrradverleih, Freibad, Golf, Jogging, Klettern, Minigolf, Paragliding, Radfahren, Reiten, Rodeln, Sauna, Schlittschuhlaufen, Schwimmen, Ski-Alpin, Ski-Langlauf, Squash, Tennis, Wandern.<\/p>\r\n","protected":false},"excerpt":{"rendered":"<p>Unser Haus liegt direkt am Waldrand, ruhige, sonnige Lage, gro\u00dfer Garten, wundersch\u00f6ner Blick zum Wilden Kaiser. Zu Fu\u00df erreichen Sie das Dorfzentrum in 15 Minuten, mit dem Auto sind Sie in 5 Minuten an der Liftstation zur Fahrt auf die Hohe Salve &#8211; Einstieg Skiwelt Wilder Kaiser. Ski-Bus &#8211; Haltestelle direkt vor unserem Haus. Umgebung [&hellip;]<\/p>\n","protected":false},"author":1,"featured_media":0,"parent":0,"menu_order":0,"comment_status":"closed","ping_status":"closed","template":"","meta":{"footnotes":""},"class_list":["post-2","page","type-page","status-publish","hentry"],"_links":{"self":[{"href":"https:\/\/www.hausdorothea.at\/index.php\/wp-json\/wp\/v2\/pages\/2","targetHints":{"allow":["GET"]}}],"collection":[{"href":"https:\/\/www.hausdorothea.at\/index.php\/wp-json\/wp\/v2\/pages"}],"about":[{"href":"https:\/\/www.hausdorothea.at\/index.php\/wp-json\/wp\/v2\/types\/page"}],"author":[{"embeddable":true,"href":"https:\/\/www.hausdorothea.at\/index.php\/wp-json\/wp\/v2\/users\/1"}],"replies":[{"embeddable":true,"href":"https:\/\/www.hausdorothea.at\/index.php\/wp-json\/wp\/v2\/comments?post=2"}],"version-history":[{"count":6,"href":"https:\/\/www.hausdorothea.at\/index.php\/wp-json\/wp\/v2\/pages\/2\/revisions"}],"predecessor-version":[{"id":438,"href":"https:\/\/www.hausdorothea.at\/index.php\/wp-json\/wp\/v2\/pages\/2\/revisions\/438"}],"wp:attachment":[{"href":"https:\/\/www.hausdorothea.at\/index.php\/wp-json\/wp\/v2\/media?parent=2"}],"curies":[{"name":"wp","href":"https:\/\/api.w.org\/{rel}","templated":true}]}}